7980?
True
Is 4950 a multiple of 99?
True
Is 14 a factor of 448?
True
Is 25 a factor of 366?
False
Does 16 divide 371?
False
Is 3530 a multiple of 10?
True
Is 330 a multiple of 3?
True
Is 10 a factor of 576?
False
Is 105 a factor of 89250?
True
Is 753 a multiple of 30?
False
Is 14 a factor of 1969?
False
Does 3 divide 51?
True
Does 8 divide 692?
False
Does 5 divide 11012?
False
Does 46 divide 466?
False
Is 1440 a multiple of 40?
True
Does 9 divide 450?
True
Is 163 a multiple of 5?
False
Is 115 a factor of 14397?
False
Is 20 a factor of 180?
True
Is 8217 a multiple of 33?
True
Is 51 a factor of 17635?
False
Is 70 a factor of 14420?
True
Is 379 even?
False
Is 2279 a multiple of 50?
False
Is 25 a factor of 1225?
True
Is 12 a factor of 396?
True
Is 65 a factor of 20497?
False
Is 689 a multiple of 13?
True
Is 1249 a multiple of 52?
False
Does 8 divide 915?
False
Is 660 a multiple of 13?
False
Is 19624 a multiple of 44?
True
Is 5222 a multiple of 4?
False
Is 9 a factor of 76385?
False
Does 17 divide 10632?
False
Does 8 divide 6768?
True
Is 189 a multiple of 21?
True
Is 10 a factor of 400?
True
Is 233 a multiple of 66?
False
Is 19 a factor of 1159?
True
Is 79 a factor of 1264?
True
Is 52 a factor of 64740?
True
Is 450 a factor of 159750?
True
Is 18 a factor of 18?
True
Does 24 divide 1074?
False
Is 472 a multiple of 59?
True
Does 158 divide 4898?
True
Is 14025 a multiple of 10?
False
Is 33 a factor of 11348?
False
Is 78 a factor of 936?
True
Does 14 divide 280?
True
Is 39370 a multiple of 148?
False
Is 161 a factor of 72611?
True
Does 105 divide 3922?
False
Is 1033 a multiple of 69?
False
Is 10 a factor of 2400?
True
Does 88 divide 606?
False
Is 35472 a multiple of 16?
True
Does 102 divide 25296?
True
Does 117 divide 52857?
False
Is 96 a factor of 6077?
False
Is 63 a factor of 1631?
False
Is 13 a factor of 119825?
False
Is 10 a factor of 23180?
True
Does 61 divide 2100?
False
Does 46 divide 13110?
True
Does 17 divide 578?
True
Is 106 a multiple of 2?
True
Does 133 divide 69559?
True
Is 378 a multiple of 27?
True
Is 133 a multiple of 19?
True
Is 22 a factor of 3014?
True
Is 39 a factor of 15153?
False
Is 853 a multiple of 86?
False
Is 78 a factor of 12396?
False
Does 6 divide 8550?
True
Does 49 divide 17003?
True
Is 55 a factor of 1288?
False
Is 41 a factor of 6776?
False
Does 2 divide 156?
True
Is 459 a multiple of 12?
False
Does 80 divide 1520?
True
Is 3 a factor of 17059?
False
Does 121 divide 14278?
True
Is 43 a factor of 30927?
False
Does 17 divide 54808?
True
Is 2955 a multiple of 10?
False
Is 6 a factor of 5724?
True
Is 343 a multiple of 7?
True
Is 396 a multiple of 36?
True
Does 8 divide 17249?
False
Is 46 a factor of 8970?
True
Does 12 divide 300?
True
Does 67 divide 4604?
False
Is 2 a factor of 10078?
True
Is 9 a factor of 313?
False
Is 225 a multiple of 9?
True
Is 4 a factor of 259?
False
Is 390 a multiple of 15?
True
Does 12 divide 15876?
True
Is 8 a factor of 224?
True
Is 146 a factor of 12556?
True
Is 593 a multiple of 17?
False
Is 26 a factor of 1769?
False
Is 24198 a multiple of 109?
True
Is 1510 a multiple of 123?
False
Is 66420 a multiple of 15?
True
Is 11319 a multiple of 57?
False
Is 6626 a multiple of 104?
False
Is 136 a factor of 1013?
False
Does 15 divide 3925?
False
Does 114 divide 38076?
True
Is 53 a multiple of 53?
True
Is 6 a factor of 55?
False
Is 6249 a multiple of 22?
False
Does 57 divide 3648?
True
Is 9201 a multiple of 4?
False
Does 65 divide 3315?
True
Is 18661 a multiple of 26?
False
Is 22 a factor of 521?
False
Is 78 a factor of 4290?
True
Does 11 divide 11?
True
Is 5 a factor of 5755?
True
Does 81 divide 972?
True
Is 10 a factor of 1851?
False
Is 41 a factor of 4205?
False
Is 2347 a multiple of 116?
False
Does 53 divide 1272?
True
Is 20 a factor of 938?
False
Is 16 a factor of 416?
True
Is 9 a factor of 16271?
False
Does 11 divide 96536?
True
Does 43 divide 1640?
False
Is 29 a factor of 489?
False
Is 12 a factor of 876?
True
Is 4983 a multiple of 102?
False
Is 51 a factor of 1189?
False
Is 17 a factor of 8598?
False
Does 9 divide 2212?
False
Is 2820 a multiple of 6?
True
Is 10857 a multiple of 93?
False
Is 575 a multiple of 25?
True
Is 4 a factor of 1044?
True
Is 2291 a multiple of 29?
True
Is 15 a factor of 718?
False
Is 2 a factor of 350?
True
Does 13 divide 3470?
False
Is 39 a factor of 2677?
False
Is 79510 a multiple of 54?
False
Is 57 a factor of 57?
True
Is 7284 a multiple of 12?
True
Is 3176 a multiple of 8?
True
Is 24620 a multiple of 15?
False
Does 37 divide 259?
True
Does 6 divide 23208?
True
Is 18 a factor of 7096?
False
Is 1274 a multiple of 6?
False
Is 19 a factor of 13636?
False
Does 134 divide 236?
False
Is 8775 a multiple of 45?
True
Is 1092 a multiple of 3?
True
Does 8 divide 224?
True
Does 92 divide 2944?
True
Is 28056 a multiple of 5?
False
Is 20 a factor of 2480?
True
Does 10 divide 2083?
False
Is 1872 a multiple of 16?
True
Is 7 a factor of 7550?
False
Is 1429 a multiple of 16?
False
Is 16 a factor of 1824?
True
Does 16 divide 217?
False
Is 840 a multiple of 30?
True
Is 4 a factor of 2411?
False
Is 65 a factor of 488?
False
Is 91 a factor of 19565?
True
Is 41 a factor of 393?
False
Does 6 divide 378?
True
Is 1562 a multiple of 71?
True
Is 68 a factor of 9532?
False
Does 23 divide 782?
True
Is 4653 a multiple of 141?
True
Is 31 a factor of 310?
True
Is 57 a multiple of 57?
True
Does 5 divide 475?
True
Is 38 a factor of 9006?
True
Does 37 divide 8769?
True
Is 19 a factor of 5196?
False
Does 11 divide 4257?
True
Does 20 divide 1360?
True
Is 841 a multiple of 7?
False
Does 16 divide 1074?
False
Is 2734 a multiple of 8?
False
Is 20 a factor of 507?
False
Is 28 a factor of 126728?
True
Is 6660 a multiple of 90?
True
Does 12 divide 588?
True
Is 32 a factor of 8093?
False
Is 26310 a multiple of 30?
True
Is 66 a factor of 792?
True
Is 31 a factor of 18489?
False
Is 875 a multiple of 35?
True
Is 23 a factor of 7043?
False
Is 53693 a multiple of 49?
False
Does 13 divide 624?
True
Is 90 a factor of 16035?
False
Does 42 divide 336?
True
Does 8 divide 1236?
False
Is 3168 a multiple of 12?
True
Is 28548 a multiple of 122?
True
Is 110 a factor of 123310?
True
Is 34 a factor of 102?
True
Does 67 divide 1493?
False
Is 7 a factor of 27947?
False
Is 3876 a multiple of 16?
False
Is 1442 a multiple of 32?
False
Is 61 a multiple of 13?
False
Is 177 a multiple of 4?
False
Does 177 divide 4956?
True
Is 1785 a multiple of 105?
True
Is 888 a multiple of 37?
True
Is 11228 a multiple of 173?
False
Is 105 a factor of 6615?
True
Does 11 divide 4950?
True
Is 3 a factor of 192?
True
Does 35 divide 6280?
False
Is 157 a factor of 5809?
True
Does 26 divide 161?
False
Is 932 a multiple of 49?
False
Is 62746 a multiple of 137?
True
Is 2573 a multiple of 11?
False
Does 33 divide 23994?
False
Does 47 divide 12690?
True
Is 12239 a multiple of 8?
False
Does 13 divide 2068?
False
Is 860 a multiple of 40?
False
Is 95 a multiple of 49?
False
Does 8 divide 1147?
False
Does 10 divide 5395?
False
Is 69 a factor of 57176?
False
Does 58 divide 116?
True
Does 5 divide 1445?
True
Is 5150 a multiple of 50?
True
Is 18852 a multiple of 7?
False
Is 411 a multiple of 5?
False
Is 259 a multiple of 2?
False
Does 2 divide 585?
False
Is 10 a factor of 3106?
False
Is 427 a multiple of 8?
False
Is 80 a factor of 1578?
False
Does 26 divide 884?
True
Is 107 a factor of 1498?
True
Does 9 divide 312?
False
Does 22 divide 1254?
True
Is 11 a factor of 1121?
False
Is 161 a factor of 12880?
True
Is 14 a factor of 75180?
True
Does 10 divide 13044?
False
Is 158 a multiple of 13?
False
Does 37 divide 5347?
False
Does 2 divide 529?
False
Is 155 a multiple of 54?
False
Is 45 a factor of 12251?
False
Is 4041 a multiple of 167?
False
Is 71 a factor of 32873?
True
Is 80 a factor of 1394?
False
Is 600 a multiple of 10?
True
Is 22 a factor of 176?
True
Does 83 divide 415?
True
Is 11 a factor of 5984?
True
Is 18752 a multiple of 32?
True
Does 15 divide 545?
False
Is 88 a multiple of 5?
False
Does 8 divide 680?
True
Does 152 divide 24016?
True
Does 180 divide 13287?
False
Is 33 a factor of 2231?
False
Does 42 divide 12474?
True
Is 10 a factor of 1666?
False
Is 792 a multiple of 68?
False
Is 29350 a multiple of 30?
False
Is 24299 a multiple of 11?
True
Does 26 divide 312?
